
Calculate the greatest common factor of 386367 and 899.
29
Calculate the highest common divisor of 17 and 9779437.
17
What is the highest common factor of 70031 and 13?
13
What is the highest common factor of 99703 and 179?
179
Calculate the greatest common divisor of 2415924 and 105.
21
What is the highest common factor of 2 and 909?
1
Calculate the greatest common factor of 1034 and 217657.
517
What is the highest common factor of 2488 and 1427801?
311
Calculate the greatest common factor of 171 and 15048.
171
What is the greatest common divisor of 18624 and 3201?
291
What is the highest common divisor of 5 and 1325?
5
Calculate the greatest common factor of 6807500 and 50.
50
Calculate the greatest common factor of 3712 and 376.
8
What is the greatest common factor of 2730 and 2610?
30
What is the greatest common factor of 2665 and 67240?
205
Calculate the highest common divisor of 44 and 435622.
22
Calculate the greatest common factor of 2070 and 14625.
45
Calculate the highest common factor of 167 and 109051.
167
Calculate the highest common divisor of 1189 and 3280.
41
What is the highest common factor of 46 and 262?
2
What is the greatest common divisor of 1620 and 45240?
60
Calculate the highest common factor of 572 and 39780.
52
Calculate the greatest common divisor of 6248 and 10792.
568
What is the greatest common factor of 72960 and 133?
19
Calculate the greatest common divisor of 76 and 67906.
38
Calculate the highest common divisor of 53 and 7950.
53
What is the highest common factor of 244 and 808?
4
Calculate the greatest common divisor of 302885 and 10.
5
Calculate the highest common factor of 66 and 1856822.
22
What is the greatest common divisor of 5472 and 21296?
16
What is the greatest common divisor of 5035 and 142570?
265
Calculate the greatest common factor of 20618 and 732.
122
What is the greatest common divisor of 57984 and 256?
128
Calculate the greatest common factor of 86 and 3840459.
43
Calculate the greatest common factor of 34 and 46223.
17
Calculate the greatest common divisor of 112496 and 237.
79
Calculate the greatest common factor of 12 and 53115.
3
Calculate the greatest common factor of 372 and 3912.
12
Calculate the highest common divisor of 27220 and 260.
20
Calculate the greatest common factor of 635 and 505.
5
What is the highest common divisor of 72945 and 45?
45
What is the highest common divisor of 785201 and 191?
191
Calculate the highest common divisor of 77183 and 36149.
977
What is the greatest common divisor of 1152 and 19728?
144
What is the greatest common factor of 2030 and 2200114?
406
Calculate the highest common factor of 79476 and 4588.
148
Calculate the greatest common factor of 139633 and 31756.
467
What is the greatest common factor of 927673 and 2167?
197
Calculate the greatest common factor of 96 and 378528.
96
Calculate the highest common factor of 612 and 56718.
18
Calculate the greatest common divisor of 2045 and 45399.
409
What is the highest common divisor of 3796943 and 86?
43
Calculate the greatest common divisor of 128 and 29680.
16
What is the greatest common factor of 1152 and 760?
8
Calculate the greatest common factor of 1395 and 1605.
15
What is the highest common divisor of 279 and 13112163?
279
What is the greatest common factor of 419936 and 1760?
352
Calculate the greatest common factor of 1375423 and 161.
161
What is the greatest common factor of 72839 and 26?
13
Calculate the greatest common factor of 14322 and 174.
6
What is the greatest common divisor of 330 and 141130?
110
Calculate the greatest common divisor of 51 and 4248.
3
Calculate the highest common divisor of 136776 and 12788.
556
What is the highest common factor of 77 and 15372?
7
Calculate the greatest common factor of 1615 and 4750.
95
What is the highest common factor of 554 and 10750?
2
What is the greatest common factor of 603772 and 15026?
1366
What is the greatest common divisor of 28 and 13755?
7
Calculate the highest common factor of 23992 and 3.
1
What is the highest common divisor of 38796 and 18444?
636
Calculate the greatest common divisor of 26613 and 27.
9
Calculate the highest common factor of 1320 and 22125.
15
Calculate the greatest common factor of 1604 and 413431.
401
What is the highest common factor of 91724 and 4?
4
What is the highest common divisor of 273356 and 592?
148
What is the highest common divisor of 2844 and 5760?
36
Calculate the greatest common factor of 43308 and 1380.
12
What is the highest common divisor of 141884 and 2245?
449
Calculate the highest common factor of 1378 and 33496.
106
Calculate the highest common factor of 343 and 1764.
49
Calculate the highest common divisor of 88 and 2304.
8
Calculate the highest common factor of 11 and 100001.
11
What is the greatest common divisor of 8210 and 5142744?
1642
What is the highest common factor of 8341 and 3591?
19
What is the highest common factor of 510452 and 148?
148
What is the highest common factor of 285053 and 61?
61
Calculate the highest common factor of 412 and 90331.
103
Calculate the highest common factor of 92222 and 130.
26
What is the greatest common factor of 50372 and 1285?
257
What is the highest common divisor of 32419 and 459?
17
Calculate the greatest common factor of 72539 and 578.
289
Calculate the highest common factor of 272302 and 5363.
173
What is the greatest common divisor of 888 and 743700?
444
What is the highest common factor of 2214 and 27798?
246
What is the highest common divisor of 1758528 and 45?
9
Calculate the highest common divisor of 7381 and 46360.
61
What is the greatest common divisor of 1189968 and 728?
104
What is the greatest common divisor of 54090 and 2025?
45
What is the highest common factor of 12220 and 13520?
260
What is the greatest common factor of 30783 and 93?
93
What is the highest common factor of 4452 and 8480?
212
Calculate the highest common divisor of 1736 and 1507716.
868
What is the greatest common factor of 145348 and 29?
29
Calculate the greatest common divisor of 210576 and 3608.
328
What is the highest common factor of 484 and 21230?
22
Calculate the highest common factor of 9240 and 2926.
154
Calculate the greatest common divisor of 46 and 69.
23
What is the highest common factor of 91869 and 1695?
339
What is the greatest common divisor of 216152 and 3116?
164
What is the highest common divisor of 1209 and 75361?
403
Calculate the greatest common divisor of 2349 and 899.
29
Calculate the greatest common factor of 3083717 and 13.
13
What is the highest common divisor of 861 and 129?
3
Calculate the highest common divisor of 268995 and 1422.
237
What is the highest common factor of 1974 and 1540?
14
What is the greatest common factor of 594 and 246906?
198
Calculate the highest common divisor of 500916 and 684.
228
What is the greatest common divisor of 252 and 207?
9
What is the highest common divisor of 596 and 452?
4
What is the greatest common divisor of 589 and 2206983?
589
Calculate the greatest common factor of 49 and 6783.
7
Calculate the highest common factor of 891 and 2772.
99
What is the highest common factor of 334 and 20875?
167
What is the greatest common factor of 99 and 7442226?
99
Calculate the greatest common divisor of 17 and 14263.
17
Calculate the highest common factor of 64440 and 640.
40
Calculate the greatest common factor of 2811 and 173345.
937
Calculate the highest common factor of 392 and 1218973.
49
Calculate the highest common divisor of 11024 and 2650.
106
Calculate the highest common factor of 97394 and 44.
22
What is the highest common factor of 9 and 31140?
9
Calculate the greatest common divisor of 1184 and 991748.
148
Calculate the highest common divisor of 994856 and 3848.
296
Calculate the greatest common divisor of 67444 and 20.
4
What is the highest common factor of 9504 and 29106?
594
What is the highest common divisor of 1638 and 8218?
14
Calculate the highest common divisor of 14670 and 8190.
90
Calculate the highest common factor of 684 and 8028.
36
What is the highest common factor of 21 and 236859?
21
Calculate the greatest common divisor of 287060 and 4340.
620
Calculate the highest common divisor of 451820 and 464.
116
What is the highest common divisor of 251806 and 548?
274
Calculate the